{"id":105,"date":"2021-04-27T23:38:29","date_gmt":"2021-04-27T23:38:29","guid":{"rendered":"https:\/\/www.nuard.gift\/?post_type=product&#038;p=105"},"modified":"2024-07-23T13:52:11","modified_gmt":"2024-07-23T13:52:11","slug":"hematit1","status":"publish","type":"product","link":"https:\/\/www.nuard.gift\/?product=hematit1","title":{"rendered":"Hematit1"},"content":{"rendered":"<p>hematit tasl\u0131 gumus kaplama b\u00fck\u00fclm\u00fc\u015f tel truva kolye<\/p>\n","protected":false},"excerpt":{"rendered":"<p>hematit tasl\u0131 gumus kaplama b\u00fck\u00fclm\u00fc\u015f tel truva kolye<\/p>\n","protected":false},"featured_media":62,"comment_status":"open","ping_status":"closed","template":"","meta":[],"product_brand":[],"product_cat":[24,23],"product_tag":[31,48,32],"class_list":{"0":"post-105","1":"product","2":"type-product","3":"status-publish","4":"has-post-thumbnail","6":"product_cat-kolye","7":"product_cat-takilarim","8":"product_tag-handmadejewelery","9":"product_tag-hematite","10":"product_tag-wireweaving","12":"first","13":"instock","14":"shipping-taxable","15":"product-type-simple"},"_links":{"self":[{"href":"https:\/\/www.nuard.gift\/index.php?rest_route=\/wp\/v2\/product\/105","targetHints":{"allow":["GET"]}}],"collection":[{"href":"https:\/\/www.nuard.gift\/index.php?rest_route=\/wp\/v2\/product"}],"about":[{"href":"https:\/\/www.nuard.gift\/index.php?rest_route=\/wp\/v2\/types\/product"}],"replies":[{"embeddable":true,"href":"https:\/\/www.nuard.gift\/index.php?rest_route=%2Fwp%2Fv2%2Fcomments&post=105"}],"wp:featuredmedia":[{"embeddable":true,"href":"https:\/\/www.nuard.gift\/index.php?rest_route=\/wp\/v2\/media\/62"}],"wp:attachment":[{"href":"https:\/\/www.nuard.gift\/index.php?rest_route=%2Fwp%2Fv2%2Fmedia&parent=105"}],"wp:term":[{"taxonomy":"product_brand","embeddable":true,"href":"https:\/\/www.nuard.gift\/index.php?rest_route=%2Fwp%2Fv2%2Fproduct_brand&post=105"},{"taxonomy":"product_cat","embeddable":true,"href":"https:\/\/www.nuard.gift\/index.php?rest_route=%2Fwp%2Fv2%2Fproduct_cat&post=105"},{"taxonomy":"product_tag","embeddable":true,"href":"https:\/\/www.nuard.gift\/index.php?rest_route=%2Fwp%2Fv2%2Fproduct_tag&post=105"}],"curies":[{"name":"wp","href":"https:\/\/api.w.org\/{rel}","templated":true}]}}